 factors of 1774484.
2, 59, 73, 103
List the prime factors of 15189511.
15189511
List the prime factors of 1238980.
2, 5, 61949
What are the prime factors of 3246350?
2, 5, 64927
List the prime factors of 381845.
5, 76369
What are the prime factors of 2245570?
2, 5, 41, 5477
List the prime factors of 2083361.
7, 297623
What are the prime factors of 1748081?
653, 2677
What are the prime factors of 114003?
3, 53, 239
List the prime factors of 10105042.
2, 5052521
List the prime factors of 834819.
3, 17, 16369
What are the prime factors of 24514692?
2, 3, 2042891
What are the prime factors of 279659?
279659
List the prime factors of 1451610.
2, 3, 5, 127
List the prime factors of 2199331.
29, 181, 419
List the prime factors of 1702857.
3, 13, 47, 929
List the prime factors of 96344.
2, 12043
What are the prime factors of 354873?
3, 29, 4079
List the prime factors of 4450586.
2, 7, 43, 7393
List the prime factors of 1729794.
2, 3, 11, 26209
List the prime factors of 372068.
2, 191, 487
What are the prime factors of 181219?
181219
What are the prime factors of 3115007?
7, 445001
What are the prime factors of 1048259?
167, 6277
List the prime factors of 2124289.
2124289
What are the prime factors of 8381385?
3, 5, 186253
What are the prime factors of 10416001?
113, 92177
What are the prime factors of 11184667?
13, 103, 8353
List the prime factors of 20130387.
3, 59, 113731
What are the prime factors of 5200829?
23, 226123
List the prime factors of 8079290.
2, 5, 223, 3623
What are the prime factors of 11222?
2, 31, 181
List the prime factors of 390991.
390991
List the prime factors of 3190445.
5, 23, 27743
List the prime factors of 99946.
2, 7, 11, 59
What are the prime factors of 17461880?
2, 5, 436547
What are the prime factors of 4766883?
3, 11, 144451
What are the prime factors of 234682?
2, 7, 16763
What are the prime factors of 2140642?
2, 7, 107, 1429
List the prime factors of 5408382.
2, 3, 7, 61, 2111
List the prime factors of 427284.
2, 3, 11, 13, 83
What are the prime factors of 840390?
2, 3, 5, 109, 257
List the prime factors of 686922.
2, 3, 114487
What are the prime factors of 11199544?
2, 1399943
What are the prime factors of 412769?
7, 58967
What are the prime factors of 3503742?
2, 3, 11, 53087
List the prime factors of 12847335.
3, 5, 439, 1951
List the prime factors of 3807461.
7, 73, 7451
What are the prime factors of 187322?
2, 229, 409
What are the prime factors of 909132?
2, 3, 7, 79, 137
List the prime factors of 385597.
385597
What are the prime factors of 2729875?
5, 21839
List the prime factors of 575928.
2, 3, 19, 421
List the prime factors of 5207643.
3, 7, 131, 631
List the prime factors of 263606.
2, 7, 19, 991
List the prime factors of 1905758.
2, 223, 4273
List the prime factors of 3377564.
2, 43, 73, 269
What are the prime factors of 7209632?
2, 17, 29, 457
What are the prime factors of 257742?
2, 3, 37, 43
What are the prime factors of 358042?
2, 179021
List the prime factors of 1543789.
13, 149, 797
List the prime factors of 2429295.
3, 5, 11, 14723
List the prime factors of 83536.
2, 23, 227
What are the prime factors of 866813?
17, 50989
List the prime factors of 1784005.
5, 19, 89, 211
List the prime factors of 32524.
2, 47, 173
List the prime factors of 2228605.
5, 19, 23459
What are the prime factors of 817079?
173, 4723
List the prime factors of 6391121.
11, 37, 41, 383
What are the prime factors of 13737457?
13737457
List the prime factors of 249140.
2, 5, 12457
What are the prime factors of 425663?
7, 17, 73
What are the prime factors of 5471635?
5, 13, 84179
What are the prime factors of 222346?
2, 107, 1039
What are the prime factors of 1995848?
2, 23, 10847
What are the prime factors of 5989293?
3, 31, 21467
What are the prime factors of 2756315?
5, 37, 47, 317
What are the prime factors of 1607826?
2, 3, 11, 17, 1433
List the prime factors of 22052138.
2, 101, 109169
List the prime factors of 5447984.
2, 19, 17921
List the prime factors of 1406524.
2, 7, 191, 263
List the prime factors of 853236.
2, 3, 137, 173
List the prime factors of 1178968.
2, 7, 37, 569
List the prime factors of 353702.
2, 17, 101, 103
List the prime factors of 324087.
3, 59, 1831
List the prime factors of 452733.
3, 229, 659
List the prime factors of 76553.
37, 2069
What are the prime factors of 164145?
3, 5, 31, 353
What are the prime factors of 875105?
5, 7, 11, 2273
What are the prime factors of 4408108?
2, 1102027
What are the prime factors of 40510498?
2, 7, 23, 97, 1297
What are the prime factors of 740421?
3, 11, 277
What are the prime factors of 9645193?
9645193
List the prime factors of 422405.
5, 84481
List the prime factors of 202660.
2, 5, 10133
What are the prime factors of 67248?
2, 3, 467
What are the prime factors of 328221?
3, 36469
What are the prime factors of 12629603?
7, 36821
What are the prime factors of 1565575?
5, 11, 5693
What are the prime factors of 362111?
31, 11681
List the prime factors of 5820234.
2, 3, 7, 138577
List the prime factors of 1570858.
2, 83, 9463
List the prime factors of 2344285.
5, 397, 1181
List the prime factors of 20804304.
2, 3, 67, 6469
List the prime factors of 352786.
2, 7, 113, 223
What are the prime factors of 8395071?
3, 109, 25673
What are the prime factors of 17866455?
3, 5, 1191097
List the prime factors of 263543.
7, 37649
List the prime factors of 7344381.
3, 11, 222557
List the prime factors of 331507.
11, 30137
What are the prime factors of 717471?
3, 26573
What are the prime factors of 20285676?
2, 3, 163, 3457
What are the prime factors of 16349822?
2, 8174911
List the prime factors of 1056043.
47, 22469
List the prime factors of 25101634.
2, 73, 171929
List the prime factors of 4443398.
2, 2221699
List the prime factors of 152520.
2, 3, 5, 31, 41
What are the prime factors of 239217?
3, 11, 659
List the prime factors of 660376.
2, 23, 37, 97
What are the prime factors of 61539?
3, 73, 281
What are the prime factors of 3006577?
7, 429511
List the prime factors of 211667.
17, 12451
What are the prime factors of 85141?
7, 12163
List the prime factors of 11343506.
2, 5671753
List the prime factors of 86053.
11, 7823
What are the prime factors of 407257?
407257
List the prime factors of 22939282.
2, 11469641
What are the prime factors of 273124?
2, 68281
What are the prime factors of 1367270?
2, 5, 136727
What are the prime factors of 4883253?
3, 47, 59, 587
List the prime factors of 2972465.
5, 113, 5261
What are the prime factors of 46588?
2, 19, 613
List the prime factors of 14722092.
2, 3, 7, 11, 47, 113
What are the prime factors of 767003?
83, 9241
What are the prime factors of 400663?
257, 1559
What are the prime factors of 167996?
2, 41999
List the prime factors of 618397.
13, 47569
What are the prime factors of 688303?
7, 11, 1277
List the prime factors of 41629.
7, 19, 313
List the prime factors of 1640375.
5, 11, 1193
List the prime factors of 2782650.
2, 3, 5, 13, 1427
List the prime factors of 13795429.
13795429
What are the prime factors of 5832324?
2, 3, 47, 383
List the prime factors of 1115152.
2, 69697
List the prime factors of 81614.
2, 13, 43, 73
What are the prime factors of 807609?
3, 11, 24473
What are the prime factors of 113183?
7, 19, 23, 37
What are the prime factors of 249723?
3, 3083
List the prime factors of 208550.
2, 5, 43, 97
What are the prime factors of 5112176?
2, 319511
What are the prime factors of 15124907?
7, 883, 2447
What are the prime factors of 163217?
17, 9601
List the prime factors of 1323387.
3, 13, 11311
List the prime factors of 19460733.
3, 17, 163, 2341
What are the prime factors of 232996?
2, 31, 1879
List the prime factors of 18795985.
5, 13, 289169
What are the prime factors of 23346283?
127, 183829
What are the prime factors of 1562698?
2, 61, 12809
List the prime factors of 19584204.
2, 3, 17, 96001
List the prime factors of 2724684.
2, 3, 47, 4831
What are the prime factors of 574322?
2, 7, 41023
What are the prime factors of 1775738?
2, 23, 38603
What are the prime factors of 473039?
7, 67577
What are the prime factors of 52334?
2, 137, 191
What are the prime factors of 288383?
288383
List the prime factors of 151750.
2, 5, 607
List the prime factors of 1638402.
2, 3, 273067
What are the prime factors of 8